{"id":1182,"date":"2020-09-22T09:27:55","date_gmt":"2020-09-22T12:27:55","guid":{"rendered":"http:\/\/diagnosticoparra.com\/?page_id=1182"},"modified":"2020-09-23T09:03:28","modified_gmt":"2020-09-23T12:03:28","slug":"informes-en-linea","status":"publish","type":"page","link":"https:\/\/diagnosticoparra.com\/index.php\/informes-en-linea\/","title":{"rendered":"Informes en L\u00ednea"},"content":{"rendered":"\t\t<div data-elementor-type=\"wp-page\" data-elementor-id=\"1182\" class=\"elementor elementor-1182\">\n\t\t\t\t\t\t<section class=\"elementor-section elementor-top-section elementor-element elementor-element-53a94b9 elementor-section-boxed elementor-section-height-default elementor-section-height-default\" data-id=\"53a94b9\" data-element_type=\"section\" data-e-type=\"section\">\n\t\t\t\t\t\t<div class=\"elementor-container elementor-column-gap-default\">\n\t\t\t\t\t<div class=\"elementor-column elementor-col-100 elementor-top-column elementor-element elementor-element-312dbc0\" data-id=\"312dbc0\" data-element_type=\"column\" data-e-type=\"column\">\n\t\t\t<div class=\"elementor-widget-wrap elementor-element-populated\">\n\t\t\t\t\t\t<div class=\"elementor-element elementor-element-be47179 elementor-widget elementor-widget-text-editor\" data-id=\"be47179\" data-element_type=\"widget\" data-e-type=\"widget\" data-widget_type=\"text-editor.default\">\n\t\t\t\t<div class=\"elementor-widget-container\">\n\t\t\t\t\t\t\t\t\t<p>Desde el siguiente bot\u00f3n podemos acceder al sistema para obtener los informes en l\u00ednea. Para poder hacerlo, primero se debe registrar al <strong>servicio de mensajer\u00eda Eko<\/strong> siguiendo las instrucciones enviadas por correo con el asunto <b>&#8220;Invitacion a participar. Sistema de mensajeria Eko&#8221;, <\/b>all\u00ed se le proporcionar\u00e1 un c\u00f3digo de invitaci\u00f3n.<\/p><p>Una vez registrado se podr\u00e1 ingresar al <b>sistema de informes en l\u00ednea<\/b> con el correo y contrase\u00f1a proporcionado en el registro.<\/p>\t\t\t\t\t\t\t\t<\/div>\n\t\t\t\t<\/div>\n\t\t\t\t\t<\/div>\n\t\t<\/div>\n\t\t\t\t\t<\/div>\n\t\t<\/section>\n\t\t\t\t<section class=\"elementor-section elementor-top-section elementor-element elementor-element-bab6669 elementor-section-boxed elementor-section-height-default elementor-section-height-default\" data-id=\"bab6669\" data-element_type=\"section\" data-e-type=\"section\">\n\t\t\t\t\t\t<div class=\"elementor-container elementor-column-gap-default\">\n\t\t\t\t\t<div class=\"elementor-column elementor-col-100 elementor-top-column elementor-element elementor-element-3b678a7\" data-id=\"3b678a7\" data-element_type=\"column\" data-e-type=\"column\">\n\t\t\t<div class=\"elementor-widget-wrap elementor-element-populated\">\n\t\t\t\t\t\t<div class=\"elementor-element elementor-element-863a7c0 elementor-align-left elementor-widget elementor-widget-button\" data-id=\"863a7c0\" data-element_type=\"widget\" data-e-type=\"widget\" data-widget_type=\"button.default\">\n\t\t\t\t<div class=\"elementor-widget-container\">\n\t\t\t\t\t\t\t\t\t<div class=\"elementor-button-wrapper\">\n\t\t\t\t\t<a class=\"elementor-button elementor-button-link elementor-size-md\" href=\"http:\/\/eko-evolucion.ddns.net\/\" target=\"_blank\">\n\t\t\t\t\t\t<span class=\"elementor-button-content-wrapper\">\n\t\t\t\t\t\t<span class=\"elementor-button-icon\">\n\t\t\t\t<i aria-hidden=\"true\" class=\"far fa-arrow-alt-circle-right\"><\/i>\t\t\t<\/span>\n\t\t\t\t\t\t\t\t\t<span class=\"elementor-button-text\">Acceder al sistema de informes en l\u00ednea<\/span>\n\t\t\t\t\t<\/span>\n\t\t\t\t\t<\/a>\n\t\t\t\t<\/div>\n\t\t\t\t\t\t\t\t<\/div>\n\t\t\t\t<\/div>\n\t\t\t\t\t<\/div>\n\t\t<\/div>\n\t\t\t\t\t<\/div>\n\t\t<\/section>\n\t\t\t\t<\/div>\n\t\t","protected":false},"excerpt":{"rendered":"<p>Desde el siguiente bot\u00f3n podemos acceder al sistema para obtener los informes en l\u00ednea. Para poder hacerlo, primero se debe registrar al servicio de mensajer\u00eda Eko siguiendo las instrucciones enviadas por correo con el asunto &#8220;Invitacion a participar. Sistema de mensajeria Eko&#8221;, all\u00ed se le proporcionar\u00e1 un c\u00f3digo de invitaci\u00f3n. Una vez registrado se podr\u00e1 [&hellip;]<\/p>\n","protected":false},"author":2,"featured_media":0,"parent":0,"menu_order":0,"comment_status":"closed","ping_status":"closed","template":"","meta":{"zakra_page_container_layout":"customizer","zakra_page_sidebar_layout":"customizer","zakra_remove_content_margin":false,"zakra_sidebar":"customizer","zakra_transparent_header":"customizer","zakra_logo":0,"zakra_main_header_style":"default","zakra_menu_item_color":"","zakra_menu_item_hover_color":"","zakra_menu_item_active_color":"","zakra_menu_active_style":"","zakra_page_header":true,"footnotes":""},"class_list":["post-1182","page","type-page","status-publish","hentry"],"_links":{"self":[{"href":"https:\/\/diagnosticoparra.com\/index.php\/wp-json\/wp\/v2\/pages\/1182","targetHints":{"allow":["GET"]}}],"collection":[{"href":"https:\/\/diagnosticoparra.com\/index.php\/wp-json\/wp\/v2\/pages"}],"about":[{"href":"https:\/\/diagnosticoparra.com\/index.php\/wp-json\/wp\/v2\/types\/page"}],"author":[{"embeddable":true,"href":"https:\/\/diagnosticoparra.com\/index.php\/wp-json\/wp\/v2\/users\/2"}],"replies":[{"embeddable":true,"href":"https:\/\/diagnosticoparra.com\/index.php\/wp-json\/wp\/v2\/comments?post=1182"}],"version-history":[{"count":9,"href":"https:\/\/diagnosticoparra.com\/index.php\/wp-json\/wp\/v2\/pages\/1182\/revisions"}],"predecessor-version":[{"id":1206,"href":"https:\/\/diagnosticoparra.com\/index.php\/wp-json\/wp\/v2\/pages\/1182\/revisions\/1206"}],"wp:attachment":[{"href":"https:\/\/diagnosticoparra.com\/index.php\/wp-json\/wp\/v2\/media?parent=1182"}],"curies":[{"name":"wp","href":"https:\/\/api.w.org\/{rel}","templated":true}]}}